the highest common factor of r and 42?
14
Let o(w) = w - 4. Let g be o(5). Let z be 2 - g - (-2 - -3). Suppose -2*h = x - 52, -3*h - 2*h + x + 137 = z. What is the highest common divisor of h and 9?
9
Let p be (-1)/2 + (-182)/(-4). Suppose 0*v + p = r - 4*v, -3 = v. Let l = 4 + 7. Calculate the greatest common divisor of r and l.
11
Let s(z) = z**2 - 3*z - 3. Let p be s(6). Let r = 5 - 2. Suppose 5*f = -b + 150, -b + r*f = -3*b + 279. Calculate the highest common divisor of b and p.
15
Let x be (-32)/8 + (-57)/(-3). Let d(p) = -p**2 - 8*p - 5. Let o = -3 - 2. Let z be d(o). What is the greatest common factor of z and x?
5
Let l be -7 + 2 + 3 - -7. Suppose 4*u + l*d - 577 = 0, -3*d - d = 4*u - 576. Calculate the greatest common factor of 13 and u.
13
Let n(d) = d**3 + 9*d**2 - d + 22. Let c be n(-9). Calculate the greatest common factor of c and 341.
31
Let j(r) = r**3 - 7*r**2 - 11*r. Let l be j(9). Calculate the greatest common divisor of 7 and l.
7
Suppose 5*i = 68 + 187. Let p(v) = -v + 10. Let d be p(9). Suppose -m = -18 + d. What is the highest common factor of i and m?
17
Suppose 9*c = 5*c + 80. Calculate the greatest common divisor of c and 180.
20
Let j = 10 - 14. Let w(z) be the first derivative of z**4/4 + 2*z**3 + 2*z**2 + z + 1. Let t be w(j). Calculate the greatest common divisor of 51 and t.
17
Let i(c) = c**2 - c + 4. Let q be i(0). Suppose 97 = 3*f - q*h, 131 = 5*f - 0*h + h. What is the greatest common factor of f and 3?
3
Let i = 174 + -22. What is the highest common factor of 8 and i?
8
Let z be (-2 + 6/4)*-6. Suppose 0*f = -2*f + 4. Calculate the greatest common divisor of f and z.
1
Suppose y = -3*h + 7, 3*h + 4 = -5*y + 3. Let i be (y + (-9)/(-6))*-66. What is the highest common factor of 3 and i?
3
Let t = 36 + -6. What is the highest common factor of t and 10?
10
Let n = 125 - -21. Suppose 5*l + 8 = -2, 2*l = -5*i + n. Suppose o + 40 = 5*o. Calculate the greatest common divisor of o and i.
10
Let b(i) = 2*i + 8. Let r be b(-3). Calculate the greatest common divisor of r and 22.
2
Let i(m) be the first derivative of -m**3/3 + 3*m**2 + m + 1. Let h be i(6). What is the greatest common divisor of h and 1?
1
Let f(b) = -b**2 - 8*b - 7. Let a(h) = 4*h + 3. Let c be a(-2). Let v be f(c). Calculate the greatest common factor of v and 24.
8
Let t be -3*(-2 - 1 - (-3 + 1)). Calculate the greatest common factor of 21 and t.
3
Let j = -37 + 97. What is the greatest common factor of j and 40?
20
Let d(v) = v**3 + 3*v**2 - 3*v - 1. Let p be d(-2). Let r be (-6)/27 + 29/p. What is the greatest common divisor of r and 33?
3
Let i be (41 + 1)*-1*(-7)/21. Calculate the highest common factor of 112 and i.
14
Let z(b) = -64*b - 1. Let f(y) = y + 2. Let p be f(-3). Let d be z(p). Suppose -3*w = 2*w - 45. Calculate the highest common factor of w and d.
9
Let h be 22/(-6) + 5/(-15). Let u be (-30)/(-8) + 3/h. Calculate the greatest common divisor of u and 21.
3
Suppose -5*s + 20 = 0, -2*s + 35 = m - 0*s. Calculate the greatest common divisor of 6 and m.
3
Let p(m) = -m**3 + 6*m**2 - m + 5. Let j be p(5). Calculate the highest common factor of j and 225.
25
Suppose 5*p - 112 = -2*k, 2*k + 2*k = 2*p + 224. Let t = -10 + 19. Let x = t - 2. Calculate the highest common divisor of x and k.
7
Let f(c) = c**2 - 7*c + 15. Suppose -x = -2*k + 11, -x + 13 = -3*k + 5*k. Let d be f(k). What is the highest common divisor of 81 and d?
9
Let g(o) = 2*o**2 + 4*o + 8. Let i be g(-7). What is the highest common factor of i and 6?
6
Let q(y) = -y + 3. Let p be q(2). Let s be 1 + (-12 - -7) + 1 + 12. Calculate the greatest common factor of s and p.
1
Let f = -1 - -4. Suppose -8*z = -f*z - 605. What is the highest common divisor of 11 and z?
11
Let d be -48 + (-2 - (-1 - 3)). Let q = 66 + d. What is the highest common divisor of q and 2?
2
Suppose -4*n + 29 = -w, 4*n + 3*w = -0*n + 25. What is the highest common factor of n and 56?
7
Suppose f + 0*f = 11. Let g(z) = 2*z**2 + 4*z + 3. Let r = -12 - -7. Let n be g(r). What is the greatest common factor of n and f?
11
Let z(c) be the third derivative of -19*c**4/24 - c**3 - 2*c**2. Let f be z(-4). Let h = 9 - -1. Calculate the greatest common divisor of h and f.
10
Let y be (-11)/(-3) - 8/12. Let q(z) = -z**3 + 4*z**2 - 3*z - 4. Let l be q(y). Let p be l/10 + (-32)/(-5). What is the greatest common divisor of p and 48?
6
Let y = -32 - -37. Calculate the highest common factor of 2 and y.
1
Let x(q) = q**3 - 9*q**2 + 8*q + 9. Let h be x(8). What is the greatest common factor of h and 81?
9
Suppose -5*c + 73 = 4*i, 3*i = c + 4*c + 11. Let j(y) = -4*y**3 - 2*y**2 - 3*y - 3. Let x be j(-3). Calculate the highest common factor of x and i.
12
Let j = -306 - -559. Let r = -60 + 102. Let a = r - 19. What is the greatest common factor of j and a?
23
Suppose -36 = -p - 6. Suppose -i + p = 2*i. Calculate the greatest common factor of i and 20.
10
Suppose 0*d + 2*d + 5*y - 15 = 0, -3*y = -d + 2. Let m = -14 - -24. Calculate the greatest common factor of d and m.
5
Suppose -1 = q - 6. Suppose -2*w = a - 7*w - 9, -q*w = 5. What is the highest common divisor of a and 2?
2
Suppose -4*r + 0*h = h - 25, -4*r = 5*h - 29. Let c = r + -4. Let x be ((-4)/5)/(c/(-40)). Calculate the highest common divisor of 176 and x.
16
Suppose -s + 3*s - 9 = -3*k, -5*k - 85 = -5*s. What is the greatest common factor of s and 3?
3
Suppose 4*j + 5*x = x + 124, 0 = j + 2*x - 30. Let n = j - 12. What is the greatest common divisor of n and 100?
20
Let t(z) = 15*z - 15. Let b be t(5). Let q be (b/(-9))/((-2)/33). What is the greatest common divisor of q and 44?
22
Let v be ((-228)/18)/(6/(-9)). Calculate the greatest common factor of 152 and v.
19
Let j = -5 - -23. Suppose -3*c + 38 = -5*s, -3*c + s - 8 = -30. What is the highest common factor of c and j?
6
Let x(k) = 28*k + 7. Let a be x(2). Let f(r) = -3*r - 3. Let d be f(-4). What is the highest common factor of d and a?
9
Let p be (1/2)/(3/(-114)). Let q = 61 - p. Calculate the highest common divisor of 32 and q.
16
Let s = 60 + -37. Suppose 4*m - s = -7. Suppose -m*p = -p - 6. What is the greatest common divisor of p and 5?
1
Let b(p) = -p**3 - 4*p**2 + 4*p - 2. Let a be b(-5). Suppose 37 = 3*o + x, a*x = o + 2*o - 57. Calculate the highest common divisor of 2 and o.
2
Suppose 3 = -0*g - 3*g. Let f be 23 + g - (5 + -2). What is the greatest common factor of 95 and f?
19
Let f(q) = -13*q**3 + q + 3. Let o be f(-2). Suppose 53 = 3*k - 2*j, -2*j - 3*j = 20. Calculate the highest common divisor of k and o.
15
Let l = 9 + 3. Suppose -5*z + z = -l. Suppose z*j = -b + 30, -4*b + 54 = -b - 3*j. Calculate the greatest common divisor of b and 21.
21
Suppose -2*v - 75 = -4*s + v, 0 = 3*s + v - 40. Let u = s - 1. Suppose 0*l + u = 2*l. Calculate the greatest common factor of l and 35.
7
Let w be (-2)/(-10) + (-539)/(-5). Suppose 3*c - w = -0*c. What is the highest common factor of c and 9?
9
Suppose -4*f - 4 = -5*z, -f - 4*z = 2*f - 28. Calculate the greatest common divisor of 8 and f.
4
Suppose -7*u + 4 + 115 = 0. Calculate the highest common divisor of u and 119.
17
Suppose 4*b = 7 + 1. Suppose -b*y = y - 27. Suppose -13*d + 16*d - 9 = 0. What is the greatest common factor of y and d?
3
Let w be (4 + -4)/(2/(-1)). Suppose -4*q + 2 + 98 = w. Calculate the highest common divisor of 5 and q.
5
Let n(m) = 3*m**2 - 6*m + 8. Let l be n(6). What is the greatest common factor of l and 10?
10
Let g be (10/6)/((-8)/240). Let q = 74 + g. Calculate the highest common divisor of q and 48.
24
Suppose k - 62 - 158 = 0. Calculate the greatest common divisor of k and 22.
22
Suppose 243 = 2*o + o. Let a = 444 - 435. What is the highest common factor of o and a?
9
Let l(x) = -162*x. Let n be l(-1). Suppose -2*t - 72 = -6*t. What is the greatest common factor of t and n?
18
Suppose 7*i - 4*i = 3. Let f be (-3)/6 - i/2. Let z be f*3 - (-93 + 2). Calculate the greatest common factor of 22 and z.
22
Let a = 4 - -44. Calculate the greatest common divisor of 8 and a.
8
Let o = 91 - -63. Let z(p) = -6*p + 1. Let d be z(1). Let a(h) = 2*h**2 + 7*h + 7. Let l be a(d). Calculate the greatest common divisor of l and o.
22
Let t(s) = -5*s**2 + 2*s + 3. Let u be t(3). Let v = u - -100. Suppose 0 = -2*o - 2*o + v. What is the highest commo